of 2059044?
2, 3, 13, 67, 197
List the prime factors of 29040425.
5, 1161617
List the prime factors of 7622.
2, 37, 103
List the prime factors of 490527.
3, 54503
List the prime factors of 136731.
3, 7, 17, 383
List the prime factors of 1549525.
5, 61981
What are the prime factors of 620634?
2, 3, 7, 2111
What are the prime factors of 15927238?
2, 617, 12907
What are the prime factors of 19422?
2, 3, 13, 83
List the prime factors of 7185661.
7, 919, 1117
List the prime factors of 286214.
2, 143107
List the prime factors of 6369407.
11, 17, 34061
List the prime factors of 451412.
2, 13, 8681
What are the prime factors of 12766063?
107, 229, 521
What are the prime factors of 17462722?
2, 1933, 4517
List the prime factors of 348454.
2, 59, 2953
What are the prime factors of 9055105?
5, 29, 197, 317
List the prime factors of 2547812.
2, 636953
List the prime factors of 1595999.
73, 21863
List the prime factors of 53459.
7, 1091
What are the prime factors of 1497624?
2, 3, 62401
List the prime factors of 119650.
2, 5, 2393
List the prime factors of 2131226.
2, 23, 107, 433
List the prime factors of 14339363.
181, 227, 349
What are the prime factors of 13963024?
2, 19, 23, 1997
List the prime factors of 951866.
2, 475933
List the prime factors of 23014651.
11, 17, 23, 5351
List the prime factors of 133937.
151, 887
List the prime factors of 815878.
2, 7, 101, 577
List the prime factors of 23756.
2, 5939
What are the prime factors of 237953?
149, 1597
List the prime factors of 731462.
2, 19, 19249
What are the prime factors of 22133165?
5, 307, 14419
What are the prime factors of 12345920?
2, 5, 41, 941
What are the prime factors of 1654563?
3, 31, 17791
What are the prime factors of 353494?
2, 176747
What are the prime factors of 38010?
2, 3, 5, 7, 181
What are the prime factors of 1187043?
3, 11, 13, 2767
What are the prime factors of 3749?
23, 163
What are the prime factors of 2794184?
2, 103, 3391
List the prime factors of 3242464.
2, 19, 5333
What are the prime factors of 5067388?
2, 1266847
List the prime factors of 16009.
7, 2287
List the prime factors of 2610144.
2, 3, 19, 53
List the prime factors of 38881905.
3, 5, 31, 83617
List the prime factors of 2993264.
2, 29, 6451
List the prime factors of 7355231.
13, 565787
List the prime factors of 3146175.
3, 5, 59, 79
What are the prime factors of 12354588?
2, 3, 23, 43, 347
What are the prime factors of 2420871?
3, 409, 1973
What are the prime factors of 740867?
19, 38993
List the prime factors of 1105607.
1105607
List the prime factors of 1975247.
17, 116191
What are the prime factors of 6613072?
2, 97, 4261
What are the prime factors of 1308801?
3, 13, 37, 907
List the prime factors of 2047435.
5, 13, 2423
List the prime factors of 2017480.
2, 5, 31, 1627
List the prime factors of 1530790.
2, 5, 47, 3257
List the prime factors of 9314170.
2, 5, 931417
What are the prime factors of 199659?
3, 66553
What are the prime factors of 30085748?
2, 7, 11, 23, 31, 137
What are the prime factors of 1919903?
47, 40849
What are the prime factors of 767360?
2, 5, 11, 109
What are the prime factors of 106886?
2, 13, 4111
What are the prime factors of 209944?
2, 7, 23, 163
List the prime factors of 2046665.
5, 409333
List the prime factors of 16400367.
3, 607421
What are the prime factors of 598888?
2, 74861
What are the prime factors of 18984133?
7, 2712019
What are the prime factors of 654227?
7, 19, 4919
List the prime factors of 286256.
2, 17891
List the prime factors of 13210210.
2, 5, 13, 307, 331
What are the prime factors of 19974789?
3, 179, 4133
List the prime factors of 718512.
2, 3, 14969
What are the prime factors of 311712?
2, 3, 17, 191
List the prime factors of 573381.
3, 63709
List the prime factors of 675419.
675419
List the prime factors of 5164162.
2, 19, 135899
List the prime factors of 1429113.
3, 7, 68053
List the prime factors of 100255.
5, 20051
List the prime factors of 70565.
5, 11, 1283
List the prime factors of 31038.
2, 3, 7, 739
What are the prime factors of 78846?
2, 3, 17, 773
List the prime factors of 389859.
3, 129953
What are the prime factors of 151159?
71, 2129
List the prime factors of 618083.
618083
What are the prime factors of 760422?
2, 3, 13, 9749
What are the prime factors of 1640617?
11, 29, 37, 139
List the prime factors of 23526750.
2, 3, 5, 13, 19, 127
What are the prime factors of 53779?
11, 4889
List the prime factors of 330922.
2, 17, 9733
What are the prime factors of 37049014?
2, 53, 349519
What are the prime factors of 2514223?
1259, 1997
What are the prime factors of 3210117?
3, 1070039
What are the prime factors of 759564?
2, 3, 13, 541
List the prime factors of 162292.
2, 13, 3121
List the prime factors of 1825237.
601, 3037
List the prime factors of 61471.
61471
What are the prime factors of 912755?
5, 23, 7937
What are the prime factors of 10520822?
2, 13, 173, 2339
What are the prime factors of 361403?
7, 17, 3037
List the prime factors of 66919.
66919
What are the prime factors of 29686637?
29686637
List the prime factors of 6172069.
31, 103, 1933
List the prime factors of 69172.
2, 17293
List the prime factors of 532669.
532669
List the prime factors of 8788363.
29, 179, 1693
What are the prime factors of 1157769?
3, 197, 653
List the prime factors of 673386.
2, 3, 7, 16033
List the prime factors of 7083601.
7, 1011943
What are the prime factors of 2692554?
2, 3, 443, 1013
List the prime factors of 2948351.
7, 41, 10273
What are the prime factors of 5036379?
3, 23, 47, 1553
List the prime factors of 195629.
7, 27947
What are the prime factors of 15330831?
3, 1327, 3851
What are the prime factors of 428283?
3, 23, 2069
List the prime factors of 1438108.
2, 7, 51361
What are the prime factors of 1076577?
3, 358859
List the prime factors of 564387.
3, 179, 1051
What are the prime factors of 6208451?
17, 173, 2111
List the prime factors of 8758130.
2, 5, 97, 9029
What are the prime factors of 71698?
2, 11, 3259
List the prime factors of 1154707.
1154707
What are the prime factors of 233133?
3, 77711
What are the prime factors of 34345197?
3, 3816133
List the prime factors of 48182.
2, 24091
List the prime factors of 8285814.
2, 3, 5683
List the prime factors of 2041295.
5, 53, 7703
What are the prime factors of 11116546?
2, 7, 794039
What are the prime factors of 201711?
3, 71, 947
List the prime factors of 1064115.
3, 5, 13, 17, 107
What are the prime factors of 697152?
2, 3, 3631
What are the prime factors of 30103951?
30103951
What are the prime factors of 6407425?
5, 197, 1301
What are the prime factors of 296960?
2, 5, 29
List the prime factors of 456313.
11, 13, 3191
What are the prime factors of 3102591?
3, 1034197
What are the prime factors of 1790093?
229, 7817
List the prime factors of 96061.
7, 13723
List the prime factors of 606857.
606857
What are the prime factors of 7894562?
2, 13, 17, 53, 337
List the prime factors of 11393577.
3, 13, 97381
List the prime factors of 5348951.
149, 35899
List the prime factors of 284567.
37, 7691
What are the prime factors of 3484453?
7, 79, 6301
What are the prime factors of 606704?
2, 7, 5417
List the prime factors of 215953.
215953
List the prime factors of 1606807.
401, 4007
What are the prime factors of 5390141?
5390141
What are the prime factors of 183647?
67, 2741
List the prime factors of 1893482.
2, 946741
What are the prime factors of 80874?
2, 3, 4493
List the prime factors of 9122631.
3, 7, 434411
What are the prime factors of 4679598?
2, 3, 7, 11, 1447
List the prime factors of 1216556.
2, 11, 43, 643
List the prime factors of 453704.
2, 56713
List the prime factors of 289347.
3, 43, 2243
List the prime factors of 176010.
2, 3, 5, 5867
What are the prime factors of 429491?
311, 1381
What are the prime factors of 16473591?
3, 83, 7351
List the prime factors of 532038.
2, 3, 13, 19, 359
What are the prime factors of 352683?
3, 149, 263
List the prime factors of 232898.
2, 23, 61, 83
List the prime factors of 206617.
107, 1931
What are the prime factors of 402028?
2, 11, 9137
What are the prime factors of 488283?
3, 47, 3463
What are the prime factors of 8528240?
2, 5, 7, 97, 157
What are the prime factors of 1651144?
2, 11, 29, 647
List the prime factors of 879142.
2, 11, 89, 449
List th